{"id":433,"date":"2019-05-12T16:39:22","date_gmt":"2019-05-12T14:39:22","guid":{"rendered":"https:\/\/www.hydra-music.at\/?page_id=433"},"modified":"2019-06-18T13:03:18","modified_gmt":"2019-06-18T11:03:18","slug":"dj","status":"publish","type":"page","link":"https:\/\/www.hydra-music.at\/?page_id=433","title":{"rendered":"DJ"},"content":{"rendered":"<p>&nbsp;<\/p>\n<p><span style=\"color: #ffffff;\">Unsere Liveband hat schon einmal verl\u00e4ngert und Sie und Ihre G\u00e4ste haben noch immer nicht genug getanzt?<\/span><\/p>\n<p><span style=\"color: #ffffff;\">Kein Problem!<\/span><\/p>\n<p><span style=\"color: #ffffff;\">Als DJ bleiben wir gerne noch etwas l\u00e4nger und haben unz\u00e4hlige Titel digital gespeichert mit dabei! Via W-LAN greifen wir auf unseren Cloud Speicher zu und k\u00f6nnen f\u00fcr Sie nahezu alle Stilrichtungen auf Wunsch spielen!<\/span><\/p>\n<p><span style=\"color: #ffffff;\"><img loading=\"lazy\" decoding=\"async\" class=\"wp-image-565 alignleft\" src=\"https:\/\/www.hydra-music.at\/wp-content\/uploads\/2019\/05\/img-19-800x446-300x167.jpg\" alt=\"\" width=\"400\" height=\"223\" srcset=\"https:\/\/www.hydra-music.at\/wp-content\/uploads\/2019\/05\/img-19-800x446-300x167.jpg 300w, https:\/\/www.hydra-music.at\/wp-content\/uploads\/2019\/05\/img-19-800x446-768x428.jpg 768w, https:\/\/www.hydra-music.at\/wp-content\/uploads\/2019\/05\/img-19-800x446.jpg 800w\" sizes=\"auto, (max-width: 400px) 100vw, 400px\" \/><\/span><\/p>\n<p>&nbsp;<\/p>\n<p>&nbsp;<\/p>\n<p><span style=\"color: #ffffff;\">Boogie, Rock\u00b4n Roll, Standards,<\/span><br \/>\n<span style=\"color: #ffffff;\">Pop, Rock, Funk, tagesaktuelle Charts bis zur\u00fcck in die 80er, Reggae, Folk, Country, R&amp;B, Dancefloor, Techno, House, Schlager, Apres Ski, Ballermann, Neue Deutsche Welle, etc\u2026<\/span><\/p>\n<p>&nbsp;<\/p>\n<p>&nbsp;<\/p>\n<p>&nbsp;<\/p>\n<p>&nbsp;<\/p>\n<p><span style=\"color: #ffffff;\">Unser Equipment k\u00f6nnen wir, auch was Lichteffekte betrifft, nach Vereinbarung und je nach Veranstaltungsgr\u00f6\u00dfe, variabel von einer kleinen Party bis hin zum Gro\u00dfraum \u2013 Clubbing bzw. zur gro\u00dfen Gala zusammenstellen!<\/span><\/p>\n<p><span style=\"color: #ffffff;\">Wir sind \u201eechte\u201c Musiker, nicht blo\u00df \u201eMusikliebhaber mit einem Notebook!\u201c<\/span><\/p>\n<p><span style=\"color: #ffffff;\">Die Erfahrung von zahllosen Veranstaltungen flie\u00dft auch in unsere Performance als DJ ein!<\/span><\/p>\n<p><span style=\"color: #ffffff;\">Uns k\u00f6nnen Sie vertrauen!<\/span><\/p>\n","protected":false},"excerpt":{"rendered":"&nbsp; Unsere Liveband hat schon einmal verl\u00e4ngert und Sie und Ihre G\u00e4ste haben noch immer nicht genug getanzt? Kein Problem! Als DJ bleiben wir gerne noch etwas l\u00e4nger und haben unz\u00e4hlige Titel digital gespeichert mit dabei! Via W-LAN greifen wir auf unseren Cloud Speicher zu und k\u00f6nnen f\u00fcr Sie nahezu alle Stilrichtungen auf Wunsch spielen! &nbsp; &nbsp; Boogie, Rock\u00b4n Roll,&nbsp;<a href=\"https:\/\/www.hydra-music.at\/?page_id=433\" class=\"read-more\">Weiter lesen<\/a>","protected":false},"author":1,"featured_media":0,"parent":0,"menu_order":0,"comment_status":"closed","ping_status":"closed","template":"page-fullwidth.php","meta":{"footnotes":""},"class_list":["post-433","page","type-page","status-publish","hentry"],"_links":{"self":[{"href":"https:\/\/www.hydra-music.at\/index.php?rest_route=\/wp\/v2\/pages\/433","targetHints":{"allow":["GET"]}}],"collection":[{"href":"https:\/\/www.hydra-music.at\/index.php?rest_route=\/wp\/v2\/pages"}],"about":[{"href":"https:\/\/www.hydra-music.at\/index.php?rest_route=\/wp\/v2\/types\/page"}],"author":[{"embeddable":true,"href":"https:\/\/www.hydra-music.at\/index.php?rest_route=\/wp\/v2\/users\/1"}],"replies":[{"embeddable":true,"href":"https:\/\/www.hydra-music.at\/index.php?rest_route=%2Fwp%2Fv2%2Fcomments&post=433"}],"version-history":[{"count":6,"href":"https:\/\/www.hydra-music.at\/index.php?rest_route=\/wp\/v2\/pages\/433\/revisions"}],"predecessor-version":[{"id":588,"href":"https:\/\/www.hydra-music.at\/index.php?rest_route=\/wp\/v2\/pages\/433\/revisions\/588"}],"wp:attachment":[{"href":"https:\/\/www.hydra-music.at\/index.php?rest_route=%2Fwp%2Fv2%2Fmedia&parent=433"}],"curies":[{"name":"wp","href":"https:\/\/api.w.org\/{rel}","templated":true}]}}